11*w**2 - 4*w + 5. Let b be a(2). What is the greatest common divisor of b and f?
1
Let o = 20 + -13. Let c be -2 + 1 - 2 - -89. Let j = c - 51. What is the greatest common divisor of j and o?
7
Let k = 327 + -301. Let o be ((-4)/6)/(1/(-9)). Let t be o/21 - 271/(-7). What is the highest common factor of t and k?
13
Suppose 4*f = 12, 3*f = 4*r + 5*f - 26. Suppose r*t = 4*t + 136. Calculate the highest common divisor of 17 and t.
17
Let g(d) = -3*d - 9. Let f(r) = r**3 + 5*r**2 - 5*r. Let s be f(-6). Let u be g(s). Calculate the highest common divisor of 1 and u.
1
Let d = 4 - 8. Let f be (-6 + 1)*d/4. Let x = 13 - 8. Calculate the highest common divisor of x and f.
5
Suppose 0 = 3*h - 7*g + 2*g - 35, -5*g - 45 = -4*h. Calculate the highest common factor of h and 40.
10
Let k = 29 + -14. Let n be (-58)/(-18) - 2/9. Calculate the greatest common factor of n and k.
3
Let z be 17 + (1*-3 - -1). Let u be 20/30 - 13/(-3). Let s be (-1)/u + 1505/25. Calculate the greatest common divisor of z and s.
15
Let k(v) = -v + 54. Let a = -16 + 26. Suppose 4 = -3*d - 2*s, 7*s = 2*s - a. Let u be k(d). What is the greatest common divisor of u and 6?
6
Let q be 0 + -2 + (13 - -1). Let r(m) = -m**3 + 5*m**2 + 6*m. Let n be r(6). Suppose -3*i + 255 + 141 = n. What is the highest common factor of i and q?
12
Let s be 4/22 - (-2450)/77. What is the highest common divisor of 80 and s?
16
Let i = -76 - -142. Let r be i - (1 + 8/4). Let s = 62 + -41. Calculate the highest common factor of s and r.
21
Let j(w) = w - 9. Let i be j(9). Suppose 0 = 4*v - 3*f - 64 - 7, 3*v - f - 47 = i. Let z = -5 + v. Calculate the greatest common divisor of z and 9.
9
Suppose 20 = -2*n - 6. Let p be -1*(-2 + 0) - n. Calculate the greatest common factor of 60 and p.
15
Suppose -2*i + 297 = i. Suppose 0*k - 2*k + 36 = 0. Suppose -2*d + 0*d = -k. Calculate the greatest common factor of d and i.
9
Suppose 3*d = -3*z + 183, -4*z + 0*d - 2*d + 234 = 0. Calculate the greatest common factor of 7 and z.
7
Suppose 0 = -5*o + 133 - 1063. Let c = o + 340. What is the highest common divisor of 14 and c?
14
Let a(p) = 2*p**2 - 7*p + 1. Let j be a(5). Let t be -12 - (3 - (1 - 1)). Let o be ((-48)/t)/((-1)/(-5)). What is the highest common factor of j and o?
16
Let x(l) = -11*l + 35. Let g be x(-5). Calculate the greatest common factor of 10 and g.
10
Suppose 0 = -v - 258 + 1854. Let h be v/18 + 4/(-6). Let o = 184 - h. Calculate the highest common divisor of o and 12.
12
Suppose -14 + 39 = 5*y. Let r = y - -86. What is the greatest common divisor of r and 13?
13
Let d = 16 + -10. Let i be (-1569)/(-15) + d/(-10). Let a(b) = 4*b**2 + 3*b + 3. Let u be a(-2). Calculate the highest common divisor of i and u.
13
Suppose -4*d + 135 = k, -3*d = 4*k - k - 108. Let z = -2 + d. What is the highest common divisor of 31 and z?
31
Let s(g) = 4*g + 30. Let b be s(6). What is the highest common divisor of 18 and b?
18
Suppose 7*g + 8 = 78. Let v = 4 + -2. Suppose -v*n + n + 30 = 0. Calculate the highest common divisor of g and n.
10
Suppose 3*y = y - 10, 0 = q + 2*y - 130. What is the highest common factor of q and 28?
28
Let a = 8 + -5. Suppose 5*r - 3*c = 7*r - 181, a*c = 3*r - 294. Let m = -53 + r. What is the highest common divisor of m and 28?
14
Let l = 26 - 18. What is the highest common factor of 8 and l?
8
Let g(k) = -3*k**2 + 5*k + 10 - 4*k + k**3 - 4*k**2 + 0*k**3. Let u be g(7). What is the highest common divisor of u and 34?
17
Suppose h - 37 - 53 = 0. Calculate the greatest common divisor of 10 and h.
10
Let p(k) = -35*k - 21. Let y be p(-3). Calculate the highest common factor of y and 12.
12
Let a(s) = s**2 - 9. Let z be a(7). Suppose -3*v - 4 = -v, -3*i + v = -50. What is the greatest common factor of z and i?
8
Let u = -56 + 81. Suppose -3*c + 20 + 10 = -5*f, 0 = -3*c - 3*f + 6. Let a(b) = -b**2 + 5*b + 5. Let j be a(c). Calculate the greatest common factor of j and u.
5
Let d(f) be the second derivative of 7*f**3/6 - f**2/2 - 2*f. Let q be d(8). What is the highest common divisor of q and 22?
11
Let s be 2 - (-2 + 0)*-2. Let p = s + 4. Suppose -3*x - 13 = y, 5*x + 2 = -2*y - 19. Calculate the greatest common divisor of p and y.
2
Let i be 6/(-39) - (-132)/13. Suppose 0 = -7*t + 5*t + i. Calculate the greatest common divisor of t and 55.
5
Let q(y) = y**2 - 6*y - 44. Let h be q(14). What is the highest common divisor of h and 17?
17
Let a = -46 + 64. Suppose -q + 2*q - a = -m, 4*q - 18 = -m. Calculate the highest common divisor of m and 9.
9
Let y(z) = z**3 + 9*z**2 - 2*z - 3. Let b be y(-9). What is the greatest common factor of 10 and b?
5
Let u(d) = d**3 - d + 24. Let q be u(0). Suppose -2*i - h = 2*i - 41, 0 = -3*i - 3*h + q. Calculate the highest common factor of i and 55.
11
Let u be (-26)/(-8) + 42/56. Let h be u*1 + (1 - -7). What is the greatest common divisor of h and 18?
6
Suppose -5*i + 0*i = -85. Let k be (136/12)/(6/9). Calculate the highest common factor of k and i.
17
Suppose -u = -5*u + 4. Let b(n) = 4*n**2 + 1. Let j be b(1). Suppose 4*f + j*c - 19 = 0, -c = -f - 5*c + 13. Calculate the greatest common divisor of f and u.
1
Suppose -2*u + 122 = 2*a, -a = -5*u - 2*a + 313. What is the greatest common factor of 7 and u?
7
Let t(b) = b**2 + 7*b + 10. Let n be t(-8). What is the highest common divisor of 6 and n?
6
Suppose -4*k + 18 = -6. Calculate the greatest common divisor of 54 and k.
6
Let g = -81 - -129. Calculate the greatest common divisor of 336 and g.
48
Let u = 42 - 23. Calculate the highest common factor of u and 95.
19
Let z = -7 - -7. Suppose z = -4*a + 4*q + 24, 19 - 51 = -2*a - 2*q. Calculate the highest common factor of 121 and a.
11
Suppose -4*p = 5*j - 68, -3*p - 50 = -5*j + 2*p. What is the highest common factor of j and 108?
12
Let t(r) = -r + 16. Let h be t(11). Suppose h*q - 159 = 91. What is the highest common divisor of q and 20?
10
Suppose -3*d - 65 = 2*d. Let g = -1 - d. Let a = g + 24. Calculate the greatest common divisor of 24 and a.
12
Let q(p) = -p**2 - 7*p + 2. Let v be q(-5). What is the greatest common divisor of 48 and v?
12
Suppose 3*q = -5*w + 63 + 36, 87 = 4*w + 5*q. Suppose 3*n - 24 = -n. What is the highest common factor of w and n?
6
Let m(b) = -b**2 + 14*b - 39. Let l be m(6). What is the highest common factor of 36 and l?
9
Let y(s) = 2*s - 1. Let b be y(2). Suppose 0 = 2*j - 414 - 202. Suppose q = -b*q + j. Calculate the highest common divisor of q and 11.
11
Suppose 7*f = 75 + 415. What is the greatest common divisor of f and 10?
10
Let f be (53 - 1)/(0 - -1). Suppose -33 - f = -5*o. Calculate the highest common divisor of o and 119.
17
Let c = -4 + 7. Suppose 5*a - c = 17. Suppose a*g - 36 + 4 = 0. What is the greatest common divisor of 8 and g?
8
Suppose -4*u - 3 = 1, 3*d + 70 = 2*u. Let b = 38 + d. Suppose -2*x + 106 = -b. What is the greatest common divisor of x and 40?
20
Let g = -142 + -502. Let h be (-6)/15 + g/(-10). Calculate the highest common divisor of 16 and h.
16
Suppose -4*n + 990 = -n. Calculate the highest common factor of n and 30.
30
Suppose 3*x - o = 11 + 9, 0 = 3*x + o - 10. Suppose -3*d + x*s + 35 = -d, 5*d - 3*s = 78. What is the greatest common factor of 15 and d?
15
Let j(z) = z**2 - 3*z. Suppose 2*t + 3*k - 15 = 7, 4*t + 2*k = 44. Let s be j(t). What is the highest common divisor of 11 and s?
11
Suppose -3*l + 35 = -5*c, 3*l - 19 = c - 0*l. Let j be (-3)/6 + (-58)/c. Let v be (-3)/(-2)*j*1. What is the highest common divisor of v and 7?
7
Let b(a) = a**3 + a**2 + 21. Let w be b(0). Let z = 4 - 6. Let p be (z - 1)*(-1)/1. Calculate the highest common divisor of w and p.
3
Let z(w) = 34*w**2 + w - 1. Let q be z(1). Suppose g + 10 = 2*l, 3*g + 3*l = g - q. Let a = g + 54. Calculate the greatest common factor of 5 and a.
5
Let a = -53 - -157. What is the highest common factor of 13 and a?
13
Suppose -21*a + 35*a - 98 = 0. Calculate the greatest common divisor of 63 and a.
7
Let r(x) = -4*x + 6. Let b(i) = i + 1. Let u(g) = 5*b(g) - r(g). Let w be u(2). Calculate the highest common divisor of w and 85.
17
Let q be -96*(6/(-2) + 2). Let k = 92 + -44. Let t be (1/(-2))/((-2)/k). What is the greatest common divisor of q and t?
12
Let d(r) = -3*r - 2 + 1 - 1. Let o(q) = -2*q - 1. Let b(a) = -5*d(a) + 7*o(a). Let w be b